2/2 - 8*i. List the prime factors of z(5).
2, 3, 5
Suppose -76924 = -2*r + m, 289*r + 6*m = 293*r - 153872. List the prime factors of r.
38459
Let r = -72 + 122. List the prime factors of r.
2, 5
Suppose 51*f - 155584 = 19*f. List the prime factors of f.
2, 11, 13, 17
Let d be (2/(-8))/((-15)/60). List the prime factors of (-536)/(-8) + d + 3.
71
Let t(l) = 7*l**3 - 3*l**2 + 2*l - 2. Let h be t(1). Suppose 2*z = 3*u - 2787, -2*u = -5*u - h*z + 2805. What are the prime factors of u?
7, 19
Let q = 698 + -692. Let s(w) = 137*w + 164. What are the prime factors of s(q)?
2, 17, 29
Suppose -2*u + u = -3. Let f(h) = u*h + h - 17 + 6*h. List the prime factors of f(7).
53
Let j(l) = -912*l - 4064. What are the prime factors of j(-27)?
2, 5, 257
Let m(s) = -3*s**2 + 58*s + 26. Let f be m(20). What are the prime factors of 17*(f/(-4))/(4/8)?
7, 17
Let z(k) = -3 + 2*k - 6*k - 7*k - 16*k + k. Let q = -3 + 1. What are the prime factors of z(q)?
7
Suppose -24*p = -36*p - 2040. What are the prime factors of (-2 + p/30)*(-1 + -26)?
3, 23
Suppose -103*i = -2244588 - 3032308. What are the prime factors of i?
2, 1601
Let o(b) = b**3 - 8*b**2 - 11*b + 20. Let p be o(9). Suppose -4 = -5*h - p*w, 9 + 1 = -5*h + 5*w. Suppose h = m + 9*m - 1990. What are the prime factors of m?
199
Let h(n) = 46*n**2 + 23*n - 39. Suppose -435 + 99 = 56*y. List the prime factors of h(y).
3, 17, 29
Let g(c) = 4*c - 30. Let f = 15 - -23. Suppose 3*i - f = -5. What are the prime factors of g(i)?
2, 7
Let o = -714 - -707. Let q(g) = 2*g**2 + 29*g - 11. Let i(c) = -c**2 - 15*c + 5. Let d(n) = 5*i(n) + 2*q(n). What are the prime factors of d(o)?
73
Let d(a) = -a**3 - 55*a**2 + 10*a + 2. List the prime factors of d(-59).
2, 1667
Let o = 123 - 98. Suppose -o*j + 32*j - 21 = 0. Suppose -j*l + 285 = -27. List the prime factors of l.
2, 13
Let f(y) = y**2 + 17*y + 30. Let j be f(-14). Suppose -z = 2*v - 47, 3*z = -v - z + 20. List the prime factors of (-12 - 1)/(j/v).
2, 13
Suppose -38*b = 4*b - 30377 - 37957. List the prime factors of b.
1627
List the prime factors of 3 + -22*(3/3 - (-7 - -897)).
31, 631
Suppose -5*a + 3*a + 10 = 0, 3*x - 2*a = -94. Let j = 116 + x. What are the prime factors of j?
2, 11
List the prime factors of (-2)/11 + 3981077/187.
61, 349
Let w(g) = g + 11. Let m be 76/57*(-6 - 0). Let x be w(m). Suppose 4*r - 450 = -2*b, 339 + 1 = x*r + b. What are the prime factors of r?
5, 23
Suppose x + 1319 = v - 646, v + 4*x - 1960 = 0. Suppose d + 3*d = v. List the prime factors of d.
491
Let i be (-10)/30*(6/2 + 0). Let y be (-207 + 0 - 3)*i. Suppose y + 70 = 2*d. What are the prime factors of d?
2, 5, 7
Suppose 377 = 26*i - 611. Suppose -12*k - 9516 = -i*k. List the prime factors of k.
2, 3, 61
Suppose 109*r - 11618 = 107*r. What are the prime factors of r?
37, 157
Let r = -56 - -76. Let a be (-12815)/(-25) + (-12)/r. Suppose -a = -19*s + 15*s. List the prime factors of s.
2
Suppose 14*o + 16 = 10*o. Let v be 3/30 + o/40. What are the prime factors of v + -4 + 168/4?
2, 19
Let w be ((-1)/(-2) - 6958/28)/1. What are the prime factors of w/6*(85 + -121)?
2, 3, 31
Let g be (-12)/(-9)*3 - 4. Suppose g = 2*k, -4*w + 4*k - 14 = 118. Let d = 145 - w. What are the prime factors of d?
2, 89
Let z = 17 - 22. Let s = z + 616. Let b = -434 + s. What are the prime factors of b?
3, 59
Let p = 66400 - 41029. What are the prime factors of p?
3, 2819
Let n = 22632 + 13346. What are the prime factors of n?
2, 17989
Suppose 5*s - 3*u + 36 = -74, -2*u = -5*s - 115. Let z(d) = 6*d**2 + 80*d + 87. What are the prime factors of z(s)?
11, 167
Suppose 29*c + 38*c - 54806 = 0. What are the prime factors of c?
2, 409
Let h(n) = -n**3 - 7*n**2 - 9*n - 67. Let p be h(-6). Let c be (-4813)/(-3) - (-6)/9. List the prime factors of c/7 - -2*7/p.
229
Suppose 0 = -9*n + 7*n - 602. What are the prime factors of (5 + (3 - 7))*(1 - n)?
2, 151
Let r = -111 + 191. Let i = 86 - r. Suppose -12*d + i*d + 888 = 0. List the prime factors of d.
2, 37
Let a(n) = 12*n + 1295. What are the prime factors of a(-12)?
1151
Let a be 1/(5/4720) + (-2)/(-1). Let j = -598 + a. List the prime factors of j.
2, 3, 29
Suppose 5*s + 2122 + 2333 = 0. List the prime factors of 2*(-1 - s) - -5.
3, 5, 7, 17
Suppose -2*y = -8, 0*y + 4*y - 16 = -2*g. Suppose 0 = 4*v + v + 4*a + 362, g = 3*v - 4*a + 198. What are the prime factors of (-100)/v*(49 + 0)?
2, 5, 7
Let o = -1693 + 1693. Suppose 4*i - 16 = 0, -5*y + 0*i = -2*i - 27. Suppose o = -y*q + 865 - 249. What are the prime factors of q?
2, 11
Suppose 5418*u - 5366*u = 0. Let r = 0 + 2. Suppose -4*w - w + t + 965 = u, 4*w - 772 = -r*t. What are the prime factors of w?
193
Let z(x) = x**2 + x - 5. Let t be z(0). Let l(s) be the first derivative of s**4/4 + 2*s**3 - 11*s**2/2 - 6*s + 1475. What are the prime factors of l(t)?
2, 37
Let o be 2/((-6)/(-10)*3/9). Suppose 11*c = o*c + 4. Suppose -v - 295 = -c*l, -6*l - 3*v = -4*l - 151. What are the prime factors of l?
2, 37
Let l(p) = -4*p**2 + 3*p**2 + p**3 + 8*p**2 + 12*p**2 - 14. Let y be l(-19). List the prime factors of (-528)/y + (-12)/(-42).
2, 19
Suppose -21*m + 59553 + 50170 + 41918 = 0. What are the prime factors of m?
3, 29, 83
Let g(t) be the first derivative of 25*t**2 - 35*t - 23. Let m be g(24). Suppose 0*u + m = 5*u. List the prime factors of u.
233
Suppose -4*q - 3 - 1 = 0, 4*q - 72 = -2*y. Let c = y + -77. Let x = c + 92. What are the prime factors of x?
53
Let o = 89 - 84. Suppose 103 = t + 2*b, 2*b = -4*t + o*b + 445. List the prime factors of t.
109
Let c = 33563 - 18618. List the prime factors of c.
5, 7, 61
What are the prime factors of (-105)/(-30)*2 - (-16319 - -2)?
2, 7, 11, 53
Let n be (-1386)/(-28)*(2 + -4). Let p = -94 - n. Suppose -p*h + 2*l + 942 = 0, -2*h = 2*h - 3*l - 748. What are the prime factors of h?
2, 5, 19
Let s(w) = w**3 + 19*w**2 + 13*w - 2. Let q(g) = 24*g + 1084 - 1077 + g. Let n be q(-1). List the prime factors of s(n).
2, 11
Let b(c) = -66*c + 2. Let k be b(6). Let a = 272 + k. Let j = a + 207. List the prime factors of j.
5, 17
Let k(a) = 3*a**2 + 25*a + 47. Let r be k(-6). Suppose 3*l - 8*l - 3*s = 0, 3*s = l. Suppose 2*v = l, -j - j = r*v - 220. What are the prime factors of j?
2, 5, 11
Let j(k) = -26*k + 62. Let q(p) = 9*p - 21. Let i(y) = 5*j(y) + 14*q(y). What are the prime factors of i(-5)?
2, 3
Let y(l) = -11*l**3 - 3*l**2 - l - 4. Let a be y(-2). Let s = a - -678. What are the prime factors of s?
2, 47
Suppose -29*z = -16*z + 143. What are the prime factors of (-9562)/(-35) - (z/(-5) + -2)?
3, 7, 13
Let b(p) = 2*p + 4. Let w(z) = -2*z - 23. Let j be w(-13). Suppose 8 = 4*g, 0 = -q + 5*q - j*g - 26. List the prime factors of b(q).
2, 5
Let z be -1 - 14/(-3 - -1). Let x(s) = -z + 32*s - 64*s + 31*s + s**3 + 16*s**2. What are the prime factors of x(-15)?
2, 3, 13
Let m = 30065 - 6317. List the prime factors of m.
2, 3, 1979
Suppose -44*o + 8807 + 5851 = 3130. What are the prime factors of o?
2, 131
Let y = 140 + -116. Let g(j) = j**3 - 23*j**2 - 24*j + 5. Let f be g(y). Suppose 198 = 14*u - f*u. List the prime factors of u.
2, 11
Suppose 26*p - 22*p - 281760 = w, 0 = 4*p + 3*w - 281744. List the prime factors of p.
70439
Let z be 3997 - (-1 - 0)*-1. Suppose 411*s - z = 405*s. List the prime factors of s.
2, 3, 37
Let k(j) = -2*j**3 - 8*j**2 + j + 3795. What are the prime factors of k(0)?
3, 5, 11, 23
Let i(r) = r - 25. Let k be i(31). Suppose -7*q + k*q = -3*q. Suppose 3*v - 136 - 89 = q. List the prime factors of v.
3, 5
Suppose -4*h = 3*l + 8, -3*h + 17 = -2*h - 4*l. Let o be 513 + -2 + h - (2 + 0). List the prime factors of o/9 + (-5)/(15/2).
2, 7
Let y = -544 - -518. Let f(h) = -38*h + 35. List the prime factors of f(y).
3, 11, 31
Suppose -4*g - 686 = -86. Let m = 557 - 577. What are the prime factors of 5224/30 - m/g?
2, 3, 29
Suppose -7 = -q + 3*c + 3, 5*q - 10 = -5*c. Suppose q*p + 5*z - 100 - 493 = 0, -z - 563 = -4*p. List the prime factors of p.
2, 71
Suppose a - 406 = 4. Suppose 0 = -2*u - 21 + 31. Suppose -5*z + 0*c = -c - a, 0 = -4*z + u*c + 307. What are the prime factors of z?
83
Let q be (-8 + 1881/(-9))/((-1)/2). Suppose 3*z + 4*v = 3*v + 1302, q = z - 4*v. What are the prime factors of z?
2, 7, 31
Let k(v) = 5*v**3 - 39*v**2 + 82*v - 110. Let f(b) = 3*b**3 - 26*b**2 + 55*b - 74. 